 are the prime factors of b(c)?
5, 17
Let g = 1045 + 689. What are the prime factors of g?
2, 3, 17
Suppose 3340 = 5*j - 3*j + 2*m, -3*j + 5016 = m. What are the prime factors of j?
7, 239
Suppose -4*h + 3894 = 2*g, 3*h = h - 8. List the prime factors of g.
5, 17, 23
Let n be 500/(-80) + (-1)/(-4). Let u = n - -14. List the prime factors of u.
2
Let p(w) = -w**3 + 12*w**2 + 4*w - 7. Let c be p(12). Suppose -4*g + g = -15, 2*s = -3*g - c. Let l = s + 40. What are the prime factors of l?
2, 3
Suppose 25 = -5*k, -4*k + 1384 = -3*o + 6*o. List the prime factors of o.
2, 3, 13
Suppose -78 = -n + 5*y, -12 = 2*n + 5*y - 108. Suppose -3*q + n = 4. Suppose 0 = 2*k - 5*k + 5*f + q, -3*k + 4*f + 21 = 0. What are the prime factors of k?
11
Let a = -4316 + 8309. List the prime factors of a.
3, 11
Let k(c) = -17 + 57*c - 39 - 2 + c. List the prime factors of k(6).
2, 5, 29
Suppose -6*h + h - 195 = 0. Suppose 7 = -r - 10. Let j = r - h. What are the prime factors of j?
2, 11
Let w = 252 - -244. List the prime factors of w.
2, 31
Suppose -2*h + 5*h = 0. Suppose -d + 21 + h = 0. What are the prime factors of (0 + 9)/3 + d?
2, 3
Let m be ((-72)/(-20) - 3)*5. Let d be 14*-2*m/12. Let a = d + 15. What are the prime factors of a?
2
Let k(c) = 67*c**2 - 2*c. What are the prime factors of k(1)?
5, 13
Suppose 0 = -4*g - 2*n + 88, 5*g - 123 = 5*n + 17. Suppose -3*w = -0*w + 5*b - 28, -2*b = -w + g. List the prime factors of w.
2
Let x = 7 - 5. Let w be 2/(-8) - (-1)/4. Suppose 5*t = x*a - 25, w*a - 5*a - 3*t + 47 = 0. What are the prime factors of a?
2, 5
Let n = -132 + 331. What are the prime factors of n?
199
Suppose 2*p - 240 = -3*p. Suppose -t = -2*j + 106, -j = -0*j + 2*t - p. Suppose 5*f + j = 7*f. List the prime factors of f.
2, 13
Let r be (-3 + 4 - 4)/(-1). Suppose -t = -r*t + q + 88, 0 = -4*t - 4*q + 200. Suppose -4*m = -6*m + t. What are the prime factors of m?
23
Suppose -147 = 4*u + 3*g, 0 = -u + 2*g - 4*g - 43. What are the prime factors of ((-1302)/(-22))/1 + 6/u?
59
Suppose -2*g + u + 236 = -u, -3*g = 2*u - 364. Let v = g - 87. What are the prime factors of v?
3, 11
Let l = -21 - -26. Suppose 5*p - 111 = -y, -3*p + l*y + 61 = -0*p. What are the prime factors of p?
2, 11
Let y = 709 - 110. What are the prime factors of y?
599
Let z(f) = -f**3 + 6*f**2 + 5*f - 1. Let j = -55 + 61. List the prime factors of z(j).
29
Let x(h) be the third derivative of 6*h**2 + 1/24*h**4 + 6*h**3 + 0*h + 0. List the prime factors of x(0).
2, 3
Suppose 3*d - 2*b - 3*b + 25 = 0, -4*d + 25 = 5*b. Suppose 12*q - 10*q - 8 = d. Suppose q*z = -3*z + 42. List the prime factors of z.
2, 3
Let b(r) = -r**2 - 9*r + 5. Suppose -q - 5*y = -2*y, -2*q + 8 = 4*y. Let c be (18/12)/((-2)/q). List the prime factors of b(c).
5
Let f be 11/(-22)*(-1 + 0 - 1). List the prime factors of ((-6)/12)/(f*(-2)/568).
2, 71
Let f = -23 + 62. Suppose 16*l = 15*l + f. List the prime factors of l.
3, 13
Let v = -84 - -116. Suppose 7*w - 648 = -v. What are the prime factors of w?
2, 11
List the prime factors of (19/(-2))/(46/(-92)).
19
Suppose -2*x = -5*x - 39. Let j = -10 - x. List the prime factors of 4 + 3*8 - j.
5
Let t = -12 + 16. Suppose 2*r - t*x = -6*x + 52, -4*x = 16. What are the prime factors of r?
2, 3, 5
Suppose 7930 = 4*n - 2*h, 5*n + 2*h - 9913 = 5*h. List the prime factors of n.
2, 991
Let l = -7 + -3. Let b(n) = n**2 - n - 1. Let j(f) = -f**3 - 16*f**2 + 6*f + 1. Let w(d) = -6*b(d) - j(d). What are the prime factors of w(l)?
5
Suppose 2*b - 850 = -z, 9*z + 2*b + 838 = 10*z. What are the prime factors of z?
2, 211
Suppose 288*a = 293*a - 1560. What are the prime factors of a?
2, 3, 13
Let p(q) be the third derivative of q**5/15 - q**4/8 - 2*q**3/3 - 6*q**2. What are the prime factors of p(-4)?
2, 3
Let k(z) = -z - 7. Let s be 10*(-1 - 0/4). Let f be k(s). Suppose 10 = o + f*d - 11, -74 = -4*o - 2*d. List the prime factors of o.
2, 3
Let x(w) = 3*w**2 + 2*w + 16. Let j be (6 - -5)*1 - 1. List the prime factors of x(j).
2, 3, 7
Suppose 0 = -6*h + h. Suppose h = 5*n - 2*v + 67, -5*n = -3*v - v + 59. Let t = 2 - n. What are the prime factors of t?
17
Let t = -615 - -916. List the prime factors of t.
7, 43
Suppose -33*n + 39*n = 384. What are the prime factors of n?
2
Suppose 5*a - 2*p - 22 = 0, -8 = -3*a - 5*p - 1. Suppose 0 = 2*k - z - 198, -a = -4*k - 2*z + 384. What are the prime factors of k?
2, 7
Let c = 2170 - 945. List the prime factors of c.
5, 7
Suppose 2*r + 5*u = 2*u + 8, 4*r - 4*u = -4. What are the prime factors of r/(-1) + -6 + 30?
23
Let n(x) = -x**3 + 5*x**2 + 4*x - 5. Let c be n(5). Let g be (c/(-2))/(1/4). Let l = -17 - g. List the prime factors of l.
13
Suppose -3*m - 2*a = -4*a + 10, -5 = 2*m - a. Let y be m - 117/(3 - 0). Let v = -1 - y. What are the prime factors of v?
2, 19
Let y(o) = -o**3 + 3*o**2 + 5*o + 1. Let i be y(4). Suppose i*w + 3 - 298 = 0. List the prime factors of w.
59
Suppose 5*r + 343 = -2*o, r + 3*o - 122 = 3*r. Let x = -38 - r. What are the prime factors of x?
29
Let v be (45/30)/(2/12). Let c be v/6 - (-1)/(-2). List the prime factors of 5/c + -2 - -33.
2, 3
Suppose v - 3*y - 9032 = -v, -3*y = -4*v + 18064. List the prime factors of v.
2, 1129
Let a(g) = g - 5. Let d(z) = -z + 1. Let s(t) = t**3 + 10*t**2 + 9*t - 11. Let n be s(-9). Let f be d(n). List the prime factors of a(f).
7
Let k(s) = s**2 + 9*s - 10. Let p be k(-10). Suppose -12*x + 8*x + 12 = p. Suppose -8*i = -x*i - 270. What are the prime factors of i?
2, 3
Let d(i) = 6*i**2 - 2*i - 3. Let f be d(-1). Suppose 1207 = 5*x - 4*v, 4*x = x + f*v + 719. List the prime factors of x.
3
Let o = -26 + 31. Suppose f - 14 = -i - i, -f - o*i = -8. List the prime factors of f.
2, 3
Let w(q) = 194*q**3 + 3*q - 4. Let n be w(2). What are the prime factors of (-3)/9 + n/18?
2, 43
Suppose -1619 - 946 = -3*c. What are the prime factors of c?
3, 5, 19
Let o(h) = h**3 + 5*h**2 - 6*h + 8. Let g be o(-6). Suppose -3*y + g = -1. Suppose -4 = -i - 3*l - 3, y*l = -2*i + 17. What are the prime factors of i?
2
Suppose 15*s = 14*s - 61. Suppose 0 = -2*j + m - 187, -3*j + j - 192 = -2*m. Let w = s - j. What are the prime factors of w?
2, 3, 5
Let n be -3*2/42 - 407/(-7). Let q = 89 - n. List the prime factors of q.
31
Let w(m) = -2*m**3 + 10*m**2 - m - 4. Let o be w(5). What are the prime factors of o/(-45) + 1842/15?
3, 41
Suppose -s - 5*h = 182, -4*s - 3*h = 2*h + 788. Let l = -66 - s. What are the prime factors of l?
2, 17
Suppose -1008 = -87*o + 69*o. What are the prime factors of o?
2, 7
Suppose 0 = -z - 1 + 5. Suppose -21 = -6*t - 9. Suppose t*r - 120 = -5*f + r, -z*r + 43 = f. List the prime factors of f.
23
Let p(m) = m**3 + 6*m**2 - 4*m + 7. Let k be p(4). Let r = k - 139. List the prime factors of r.
2, 3
Suppose 5*o + 10 = 0, 0 = 2*l - 2*o - o - 1280. List the prime factors of l.
7, 13
Suppose -1287 = -107*a + 98*a. List the prime factors of a.
11, 13
What are the prime factors of 1536 + 7*121/77?
7, 13, 17
Suppose -4*o + 4*a = -2352, 2*o - 5*a - 1768 = -o. What are the prime factors of o?
2, 293
Suppose 4 = -z - 4*c - c, 4*c = -20. Suppose o - 67 + z = 0. Suppose 5*k - 3*k - o = 0. List the prime factors of k.
23
Let n(b) = 6*b + 57. List the prime factors of n(12).
3, 43
List the prime factors of (-962806)/(-532) + (-12)/(-56).
2, 5, 181
Let y(n) = 3*n**2 + 3*n - 9. Let l be y(-4). Let c = l - 46. Let h = c + 60. What are the prime factors of h?
41
What are the prime factors of 8 + 5/(-1) - -372?
3, 5
Suppose 1 = -4*n + 3*n. Let s(a) = 23*a + 2. Let r be s(n). What are the prime factors of ((-24)/(-10))/(r/(-280))?
2
Let g = -116 - -255. Let b = g + -79. List the prime factors of b.
2, 3, 5
Let v = -134 - -3616. List the prime factors of v.
2, 1741
Let t = 18 - -75. Suppose 4*s - t = -3*g, -2*g - 15 = g. What are the prime factors of s?
3
Let u = 2784 - 1712. What are the prime factors of u?
2, 67
Let p(a) = -2*a**3 + 4*a**2 - 20*a - 28. List the prime factors of p(-11).
2, 1669
Suppose 3*n - 212 = 226. What are the prime factors of n/4 + (-7)/(-14)?
37
Suppose -15 - 15 = -5*k. Let q = -53 - -67. What are the prime factors of 8/k*441/q?
2, 3, 7
Let q = 19 - 6. Let i(w) = 11*w + 22. List the prime factors of i(q).
3, 5, 11
Let s(b) = 17*b**2 + 7*b + 4. What are the prime factors of s(9)?
2, 19
Suppose 2*x 